{"id":40,"date":"2024-07-05T19:25:38","date_gmt":"2024-07-05T17:25:38","guid":{"rendered":"https:\/\/salon-camping-car-lapalmyre.fr\/?page_id=40"},"modified":"2026-04-14T17:24:07","modified_gmt":"2026-04-14T15:24:07","slug":"plan-dacces-contact","status":"publish","type":"page","link":"https:\/\/salon-camping-car-lapalmyre.fr\/index.php\/plan-dacces-contact\/","title":{"rendered":"Plan d&rsquo;acc\u00e8s &#038; contact"},"content":{"rendered":"<div class=\"wpb-content-wrapper\"><p>[vc_row][vc_column][vc_custom_heading text=\u00a0\u00bbPlan d&rsquo;acc\u00e8s du Forever Camper Exp\u00e9rience \u00e0 La Palmyre\u00a0\u00bb font_container=\u00a0\u00bbtag:h2|font_size:30PX|text_align:left|color:%2300AEC7&Prime; google_fonts=\u00a0\u00bbfont_family:Roboto%3A100%2C100italic%2C300%2C300italic%2Cregular%2Citalic%2C500%2C500italic%2C700%2C700italic%2C900%2C900italic|font_style:500%20bold%20regular%3A500%3Anormal\u00a0\u00bb css=\u00a0\u00bb\u00a0\u00bb][vc_row_inner][vc_column_inner][vc_empty_space height=\u00a0\u00bb10px\u00a0\u00bb][vc_gmaps link=\u00a0\u00bb#E-8_JTNDaWZyYW1lJTIwc3JjJTNEJTIyaHR0cHMlM0ElMkYlMkZ3d3cuZ29vZ2xlLmNvbSUyRm1hcHMlMkZlbWJlZCUzRnBiJTNEJTIxMW0xOCUyMTFtMTIlMjExbTMlMjExZDEwMzk3LjUwNzg0OTIwNDIwNyUyMTJkLTEuMTgyNzk3NDEwNzgwNTkzOSUyMTNkNDUuNzIzOTIzODY2NzIzMDA1JTIxMm0zJTIxMWYwJTIxMmYwJTIxM2YwJTIxM20yJTIxMWkxMDI0JTIxMmk3NjglMjE0ZjEzLjElMjEzbTMlMjExbTIlMjExczB4NDgwMTdiMGQzYWVhZDllMSUyNTNBMHgzNTRkY2ViODNiZjRmYTEyJTIxMnNMdW5hJTI1MjBQYXJrJTI1MjBMYSUyNTIwUGFsbXlyZSUyNTIwLSUyNTIwUGFyYyUyNTIwZCUyNiUyMzM5JTNCQXR0cmFjdGlvbiUyMTVlMCUyMTNtMiUyMTFzZnIlMjEyc2ZyJTIxNHYxNzQ0MTQyMzIwNDgwJTIxNW0yJTIxMXNmciUyMTJzZnIlMjIlMjB3aWR0aCUzRCUyMjYwMCUyMiUyMGhlaWdodCUzRCUyMjQ1MCUyMiUyMHN0eWxlJTNEJTIyYm9yZGVyJTNBMCUzQiUyMiUyMGFsbG93ZnVsbHNjcmVlbiUzRCUyMiUyMiUyMGxvYWRpbmclM0QlMjJsYXp5JTIyJTIwcmVmZXJyZXJwb2xpY3klM0QlMjJuby1yZWZlcnJlci13aGVuLWRvd25ncmFkZSUyMiUzRSUzQyUyRmlmcmFtZSUzRQ==\u00a0\u00bb size=\u00a0\u00bb260px\u00a0\u00bb css=\u00a0\u00bb\u00a0\u00bb][\/vc_column_inner][\/vc_row_inner][\/vc_column][\/vc_row][vc_row gap=\u00a0\u00bb20&Prime; el_class=\u00a0\u00bbcontact\u00a0\u00bb css=\u00a0\u00bb.vc_custom_1563460142494{padding-top: 20px !important;}\u00a0\u00bb][vc_column width=\u00a0\u00bb1\/4&Prime; css=\u00a0\u00bb.vc_custom_1688391784461{margin-top: 0px !important;margin-right: 0px !important;margin-left: 0px !important;border-top-width: 1px !important;border-right-width: 1px !important;border-bottom-width: 1px !important;border-left-width: 1px !important;padding-top: 0px !important;padding-right: 10px !important;padding-left: 10px !important;border-left-color: #e5e5e5 !important;border-left-style: none !important;border-right-color: #e5e5e5 !important;border-right-style: none !important;border-top-color: #e5e5e5 !important;border-top-style: none !important;border-bottom-color: #e5e5e5 !important;border-bottom-style: none !important;}\u00a0\u00bb][vc_icon icon_fontawesome=\u00a0\u00bbfas fa-car\u00a0\u00bb color=\u00a0\u00bbcustom\u00a0\u00bb background_style=\u00a0\u00bbrounded\u00a0\u00bb background_color=\u00a0\u00bbcustom\u00a0\u00bb align=\u00a0\u00bbcenter\u00a0\u00bb css_animation=\u00a0\u00bbbounceInLeft\u00a0\u00bb css=\u00a0\u00bb.vc_custom_1744121232253{margin-top: 0px !important;padding-top: 20px !important;}\u00a0\u00bb custom_color=\u00a0\u00bb#ffffff\u00a0\u00bb custom_background_color=\u00a0\u00bb#E77031&Prime; link=\u00a0\u00bburl:https%3A%2F%2Fsalon-camping-car-lapalmyre.fr%2Findex.php%2Fplan-dacces-contact%2F|title:Plan%20d%E2%80%99acc%C3%A8s%20%26%20contact\u00a0\u00bb][vc_column_text css=\u00a0\u00bb.vc_custom_1744123335040{padding-bottom: 20px !important;}\u00a0\u00bb]<\/p>\n<p style=\"text-align: center;\">Parking gratuit<br \/>\nde 9h \u00e0 20h[\/vc_column_text][\/vc_column][vc_column width=\u00a0\u00bb1\/4&Prime; css=\u00a0\u00bb.vc_custom_1688391791512{margin-top: 0px !important;margin-right: 0px !important;margin-left: 0px !important;border-top-width: 1px !important;border-right-width: 1px !important;border-bottom-width: 1px !important;border-left-width: 1px !important;padding-top: 0px !important;border-left-color: #e5e5e5 !important;border-left-style: none !important;border-right-color: #e5e5e5 !important;border-right-style: none !important;border-top-color: #e5e5e5 !important;border-top-style: none !important;border-bottom-color: #e5e5e5 !important;border-bottom-style: none !important;}\u00a0\u00bb][vc_icon icon_fontawesome=\u00a0\u00bbfas fa-map-marker-alt\u00a0\u00bb color=\u00a0\u00bbcustom\u00a0\u00bb background_style=\u00a0\u00bbrounded\u00a0\u00bb background_color=\u00a0\u00bbcustom\u00a0\u00bb align=\u00a0\u00bbcenter\u00a0\u00bb css_animation=\u00a0\u00bbbounceInDown\u00a0\u00bb css=\u00a0\u00bb.vc_custom_1744122800686{margin-top: 0px !important;padding-top: 20px !important;}\u00a0\u00bb custom_color=\u00a0\u00bb#ffffff\u00a0\u00bb custom_background_color=\u00a0\u00bb#E77031&Prime; link=\u00a0\u00bburl:https%3A%2F%2Fsalon-camping-car-lapalmyre.fr%2Findex.php%2Fplan-dacces-contact%2F|title:Plan%20d%E2%80%99acc%C3%A8s%20%26%20contact\u00a0\u00bb][vc_column_text css=\u00a0\u00bb\u00a0\u00bb]<\/p>\n<p style=\"text-align: center;\">LUNA PARK<br \/>\n17570 La Palmyre<\/p>\n<p style=\"text-align: center;\">contact@salon-camping-car-lapalmyre.fr<\/p>\n<p>[\/vc_column_text][\/vc_column][vc_column width=\u00a0\u00bb1\/4&Prime; css=\u00a0\u00bb.vc_custom_1688391800338{margin-top: 0px !important;margin-right: 5px !important;margin-left: 5px !important;border-top-width: 1px !important;border-right-width: 1px !important;border-bottom-width: 1px !important;border-left-width: 1px !important;padding-top: 0px !important;border-left-color: #e5e5e5 !important;border-left-style: none !important;border-right-color: #e5e5e5 !important;border-right-style: none !important;border-top-color: #e5e5e5 !important;border-top-style: none !important;border-bottom-color: #e5e5e5 !important;border-bottom-style: none !important;}\u00a0\u00bb][vc_icon icon_fontawesome=\u00a0\u00bbfas fa-history\u00a0\u00bb color=\u00a0\u00bbcustom\u00a0\u00bb background_style=\u00a0\u00bbrounded\u00a0\u00bb background_color=\u00a0\u00bbcustom\u00a0\u00bb align=\u00a0\u00bbcenter\u00a0\u00bb css_animation=\u00a0\u00bbbounceInUp\u00a0\u00bb css=\u00a0\u00bb.vc_custom_1744121254892{margin-top: 0px !important;padding-top: 20px !important;}\u00a0\u00bb custom_color=\u00a0\u00bb#ffffff\u00a0\u00bb custom_background_color=\u00a0\u00bb#E77031&Prime;][vc_column_text css=\u00a0\u00bb\u00a0\u00bb]<\/p>\n<p style=\"text-align: center;\">Du 14 au 18 mai 2026<br \/>\nDe 10h \u00e0 19h non stop<\/p>\n<p>[\/vc_column_text][\/vc_column][vc_column width=\u00a0\u00bb1\/4&Prime; css=\u00a0\u00bb.vc_custom_1688391815448{margin-top: 0px !important;margin-right: 5px !important;margin-left: 5px !important;border-top-width: 1px !important;border-right-width: 1px !important;border-bottom-width: 1px !important;border-left-width: 1px !important;padding-top: 0px !important;border-left-color: #e5e5e5 !important;border-left-style: none !important;border-right-color: #e5e5e5 !important;border-right-style: none !important;border-top-color: #e5e5e5 !important;border-top-style: none !important;border-bottom-color: #e5e5e5 !important;border-bottom-style: none !important;}\u00a0\u00bb][vc_icon icon_fontawesome=\u00a0\u00bbfas fa-euro-sign\u00a0\u00bb color=\u00a0\u00bbcustom\u00a0\u00bb background_style=\u00a0\u00bbrounded\u00a0\u00bb background_color=\u00a0\u00bbcustom\u00a0\u00bb align=\u00a0\u00bbcenter\u00a0\u00bb css_animation=\u00a0\u00bbbounceInRight\u00a0\u00bb css=\u00a0\u00bb.vc_custom_1744121264142{margin-top: 0px !important;padding-top: 20px !important;}\u00a0\u00bb custom_color=\u00a0\u00bb#ffffff\u00a0\u00bb custom_background_color=\u00a0\u00bb#E77031&Prime; link=\u00a0\u00bburl:https%3A%2F%2Fsalon-camping-car-lapalmyre.fr%2Findex.php%2Finvitation%2F|title:Invitation\u00a0\u00bb][vc_column_text css=\u00a0\u00bb\u00a0\u00bb]<\/p>\n<p style=\"text-align: center;\">Entr\u00e9e 3 \u20ac<br \/>\nGratuite sur pr\u00e9sentation de l\u2019invitation[\/vc_column_text][\/vc_column][\/vc_row]<\/p>\n<\/div>","protected":false},"excerpt":{"rendered":"<p>[vc_row][vc_column][vc_custom_heading text=\u00a0\u00bbPlan d&rsquo;acc\u00e8s du Forever Camper Exp\u00e9rience \u00e0 La Palmyre\u00a0\u00bb font_container=\u00a0\u00bbtag:h2|font_size:30PX|text_align:left|color:%2300AEC7&Prime; google_fonts=\u00a0\u00bbfont_family:Roboto%3A100%2C100italic%2C300%2C300italic%2Cregular%2Citalic%2C500%2C500italic%2C700%2C700italic%2C900%2C900italic|font_style:500%20bold%20regular%3A500%3Anormal\u00a0\u00bb css=\u00a0\u00bb\u00a0\u00bb][vc_row_inner][vc_column_inner][vc_empty_space height=\u00a0\u00bb10px\u00a0\u00bb][vc_gmaps link=\u00a0\u00bb#E-8_JTNDaWZyYW1lJTIwc3JjJTNEJTIyaHR0cHMlM0ElMkYlMkZ3d3cuZ29vZ2xlLmNvbSUyRm1hcHMlMkZlbWJlZCUzRnBiJTNEJTIxMW0xOCUyMTFtMTIlMjExbTMlMjExZDEwMzk3LjUwNzg0OTIwNDIwNyUyMTJkLTEuMTgyNzk3NDEwNzgwNTkzOSUyMTNkNDUuNzIzOTIzODY2NzIzMDA1JTIxMm0zJTIxMWYwJTIxMmYwJTIxM2YwJTIxM20yJTIxMWkxMDI0JTIxMmk3NjglMjE0ZjEzLjElMjEzbTMlMjExbTIlMjExczB4NDgwMTdiMGQzYWVhZDllMSUyNTNBMHgzNTRkY2ViODNiZjRmYTEyJTIxMnNMdW5hJTI1MjBQYXJrJTI1MjBMYSUyNTIwUGFsbXlyZSUyNTIwLSUyNTIwUGFyYyUyNTIwZCUyNiUyMzM5JTNCQXR0cmFjdGlvbiUyMTVlMCUyMTNtMiUyMTFzZnIlMjEyc2ZyJTIxNHYxNzQ0MTQyMzIwNDgwJTIxNW0yJTIxMXNmciUyMTJzZnIlMjIlMjB3aWR0aCUzRCUyMjYwMCUyMiUyMGhlaWdodCUzRCUyMjQ1MCUyMiUyMHN0eWxlJTNEJTIyYm9yZGVyJTNBMCUzQiUyMiUyMGFsbG93ZnVsbHNjcmVlbiUzRCUyMiUyMiUyMGxvYWRpbmclM0QlMjJsYXp5JTIyJTIwcmVmZXJyZXJwb2xpY3klM0QlMjJuby1yZWZlcnJlci13aGVuLWRvd25ncmFkZSUyMiUzRSUzQyUyRmlmcmFtZSUzRQ==\u00a0\u00bb size=\u00a0\u00bb260px\u00a0\u00bb css=\u00a0\u00bb\u00a0\u00bb][\/vc_column_inner][\/vc_row_inner][\/vc_column][\/vc_row][vc_row gap=\u00a0\u00bb20&Prime; el_class=\u00a0\u00bbcontact\u00a0\u00bb css=\u00a0\u00bb.vc_custom_1563460142494{padding-top: 20px !important;}\u00a0\u00bb][vc_column width=\u00a0\u00bb1\/4&Prime; css=\u00a0\u00bb.vc_custom_1688391784461{margin-top: 0px !important;margin-right: 0px !important;margin-left: 0px !important;border-top-width: 1px !important;border-right-width: 1px !important;border-bottom-width: 1px !important;border-left-width: 1px !important;padding-top: 0px !important;padding-right: 10px !important;padding-left: 10px !important;border-left-color: #e5e5e5 !important;border-left-style: none !important;border-right-color: #e5e5e5 !important;border-right-style: none !important;border-top-color: #e5e5e5 !important;border-top-style: none !important;border-bottom-color: #e5e5e5 !important;border-bottom-style: none !important;}\u00a0\u00bb][vc_icon icon_fontawesome=\u00a0\u00bbfas fa-car\u00a0\u00bb [&hellip;]<\/p>\n","protected":false},"author":1,"featured_media":0,"parent":0,"menu_order":0,"comment_status":"closed","ping_status":"closed","template":"","meta":{"footnotes":""},"class_list":["post-40","page","type-page","status-publish","hentry"],"yoast_head":"<!-- This site is optimized with the Yoast SEO plugin v25.0 - https:\/\/yoast.com\/wordpress\/plugins\/seo\/ -->\n<title>ACCES | SALON CAMPING-CAR | LA PALMYRE<\/title>\n<meta name=\"description\" content=\"Retrouvez le plan et l&#039;adresse du salon du camping-car \u00e0 La Palmyre. Ainsi que l&#039;adresse mail pour poser toutes les questions.\" \/>\n<meta name=\"robots\" content=\"index, follow, max-snippet:-1, max-image-preview:large, max-video-preview:-1\" \/>\n<link rel=\"canonical\" href=\"https:\/\/salon-camping-car-lapalmyre.fr\/index.php\/plan-dacces-contact\/\" \/>\n<meta property=\"og:locale\" content=\"fr_FR\" \/>\n<meta property=\"og:type\" content=\"article\" \/>\n<meta property=\"og:title\" content=\"ACCES | SALON CAMPING-CAR | LA PALMYRE\" \/>\n<meta property=\"og:description\" content=\"Retrouvez le plan et l&#039;adresse du salon du camping-car \u00e0 La Palmyre. Ainsi que l&#039;adresse mail pour poser toutes les questions.\" \/>\n<meta property=\"og:url\" content=\"https:\/\/salon-camping-car-lapalmyre.fr\/index.php\/plan-dacces-contact\/\" \/>\n<meta property=\"og:site_name\" content=\"Forever Camper Experience\" \/>\n<meta property=\"article:publisher\" content=\"https:\/\/www.facebook.com\/profile.php?id=61561766056102\" \/>\n<meta property=\"article:modified_time\" content=\"2026-04-14T15:24:07+00:00\" \/>\n<meta name=\"twitter:card\" content=\"summary_large_image\" \/>\n<meta name=\"twitter:label1\" content=\"Dur\u00e9e de lecture estim\u00e9e\" \/>\n\t<meta name=\"twitter:data1\" content=\"2 minutes\" \/>\n<script type=\"application\/ld+json\" class=\"yoast-schema-graph\">{\"@context\":\"https:\/\/schema.org\",\"@graph\":[{\"@type\":\"WebPage\",\"@id\":\"https:\/\/salon-camping-car-lapalmyre.fr\/index.php\/plan-dacces-contact\/\",\"url\":\"https:\/\/salon-camping-car-lapalmyre.fr\/index.php\/plan-dacces-contact\/\",\"name\":\"ACCES | SALON CAMPING-CAR | LA PALMYRE\",\"isPartOf\":{\"@id\":\"https:\/\/salon-camping-car-lapalmyre.fr\/#website\"},\"datePublished\":\"2024-07-05T17:25:38+00:00\",\"dateModified\":\"2026-04-14T15:24:07+00:00\",\"description\":\"Retrouvez le plan et l'adresse du salon du camping-car \u00e0 La Palmyre. Ainsi que l'adresse mail pour poser toutes les questions.\",\"breadcrumb\":{\"@id\":\"https:\/\/salon-camping-car-lapalmyre.fr\/index.php\/plan-dacces-contact\/#breadcrumb\"},\"inLanguage\":\"fr-FR\",\"potentialAction\":[{\"@type\":\"ReadAction\",\"target\":[\"https:\/\/salon-camping-car-lapalmyre.fr\/index.php\/plan-dacces-contact\/\"]}]},{\"@type\":\"BreadcrumbList\",\"@id\":\"https:\/\/salon-camping-car-lapalmyre.fr\/index.php\/plan-dacces-contact\/#breadcrumb\",\"itemListElement\":[{\"@type\":\"ListItem\",\"position\":1,\"name\":\"Accueil\",\"item\":\"https:\/\/salon-camping-car-lapalmyre.fr\/\"},{\"@type\":\"ListItem\",\"position\":2,\"name\":\"Plan d&rsquo;acc\u00e8s &#038; contact\"}]},{\"@type\":\"WebSite\",\"@id\":\"https:\/\/salon-camping-car-lapalmyre.fr\/#website\",\"url\":\"https:\/\/salon-camping-car-lapalmyre.fr\/\",\"name\":\"Forever Camper Experience\",\"description\":\"Le salon du v\u00e9hicule de loisirs de La Palmyre\",\"potentialAction\":[{\"@type\":\"SearchAction\",\"target\":{\"@type\":\"EntryPoint\",\"urlTemplate\":\"https:\/\/salon-camping-car-lapalmyre.fr\/?s={search_term_string}\"},\"query-input\":{\"@type\":\"PropertyValueSpecification\",\"valueRequired\":true,\"valueName\":\"search_term_string\"}}],\"inLanguage\":\"fr-FR\"}]}<\/script>\n<!-- \/ Yoast SEO plugin. -->","yoast_head_json":{"title":"ACCES | SALON CAMPING-CAR | LA PALMYRE","description":"Retrouvez le plan et l'adresse du salon du camping-car \u00e0 La Palmyre. Ainsi que l'adresse mail pour poser toutes les questions.","robots":{"index":"index","follow":"follow","max-snippet":"max-snippet:-1","max-image-preview":"max-image-preview:large","max-video-preview":"max-video-preview:-1"},"canonical":"https:\/\/salon-camping-car-lapalmyre.fr\/index.php\/plan-dacces-contact\/","og_locale":"fr_FR","og_type":"article","og_title":"ACCES | SALON CAMPING-CAR | LA PALMYRE","og_description":"Retrouvez le plan et l'adresse du salon du camping-car \u00e0 La Palmyre. Ainsi que l'adresse mail pour poser toutes les questions.","og_url":"https:\/\/salon-camping-car-lapalmyre.fr\/index.php\/plan-dacces-contact\/","og_site_name":"Forever Camper Experience","article_publisher":"https:\/\/www.facebook.com\/profile.php?id=61561766056102","article_modified_time":"2026-04-14T15:24:07+00:00","twitter_card":"summary_large_image","twitter_misc":{"Dur\u00e9e de lecture estim\u00e9e":"2 minutes"},"schema":{"@context":"https:\/\/schema.org","@graph":[{"@type":"WebPage","@id":"https:\/\/salon-camping-car-lapalmyre.fr\/index.php\/plan-dacces-contact\/","url":"https:\/\/salon-camping-car-lapalmyre.fr\/index.php\/plan-dacces-contact\/","name":"ACCES | SALON CAMPING-CAR | LA PALMYRE","isPartOf":{"@id":"https:\/\/salon-camping-car-lapalmyre.fr\/#website"},"datePublished":"2024-07-05T17:25:38+00:00","dateModified":"2026-04-14T15:24:07+00:00","description":"Retrouvez le plan et l'adresse du salon du camping-car \u00e0 La Palmyre. Ainsi que l'adresse mail pour poser toutes les questions.","breadcrumb":{"@id":"https:\/\/salon-camping-car-lapalmyre.fr\/index.php\/plan-dacces-contact\/#breadcrumb"},"inLanguage":"fr-FR","potentialAction":[{"@type":"ReadAction","target":["https:\/\/salon-camping-car-lapalmyre.fr\/index.php\/plan-dacces-contact\/"]}]},{"@type":"BreadcrumbList","@id":"https:\/\/salon-camping-car-lapalmyre.fr\/index.php\/plan-dacces-contact\/#breadcrumb","itemListElement":[{"@type":"ListItem","position":1,"name":"Accueil","item":"https:\/\/salon-camping-car-lapalmyre.fr\/"},{"@type":"ListItem","position":2,"name":"Plan d&rsquo;acc\u00e8s &#038; contact"}]},{"@type":"WebSite","@id":"https:\/\/salon-camping-car-lapalmyre.fr\/#website","url":"https:\/\/salon-camping-car-lapalmyre.fr\/","name":"Forever Camper Experience","description":"Le salon du v\u00e9hicule de loisirs de La Palmyre","potentialAction":[{"@type":"SearchAction","target":{"@type":"EntryPoint","urlTemplate":"https:\/\/salon-camping-car-lapalmyre.fr\/?s={search_term_string}"},"query-input":{"@type":"PropertyValueSpecification","valueRequired":true,"valueName":"search_term_string"}}],"inLanguage":"fr-FR"}]}},"_links":{"self":[{"href":"https:\/\/salon-camping-car-lapalmyre.fr\/index.php\/wp-json\/wp\/v2\/pages\/40","targetHints":{"allow":["GET"]}}],"collection":[{"href":"https:\/\/salon-camping-car-lapalmyre.fr\/index.php\/wp-json\/wp\/v2\/pages"}],"about":[{"href":"https:\/\/salon-camping-car-lapalmyre.fr\/index.php\/wp-json\/wp\/v2\/types\/page"}],"author":[{"embeddable":true,"href":"https:\/\/salon-camping-car-lapalmyre.fr\/index.php\/wp-json\/wp\/v2\/users\/1"}],"replies":[{"embeddable":true,"href":"https:\/\/salon-camping-car-lapalmyre.fr\/index.php\/wp-json\/wp\/v2\/comments?post=40"}],"version-history":[{"count":24,"href":"https:\/\/salon-camping-car-lapalmyre.fr\/index.php\/wp-json\/wp\/v2\/pages\/40\/revisions"}],"predecessor-version":[{"id":676,"href":"https:\/\/salon-camping-car-lapalmyre.fr\/index.php\/wp-json\/wp\/v2\/pages\/40\/revisions\/676"}],"wp:attachment":[{"href":"https:\/\/salon-camping-car-lapalmyre.fr\/index.php\/wp-json\/wp\/v2\/media?parent=40"}],"curies":[{"name":"wp","href":"https:\/\/api.w.org\/{rel}","templated":true}]}}